List the prime factors of b(i).
2, 13
Let c be ((-37)/(-5) - (-20)/50)*-5. Let u = 94 - c. What are the prime factors of u?
7, 19
List the prime factors of (-7 - 2) + (11 - -549).
19, 29
Let b = 18 - 2. Suppose l - 115 = -b. What are the prime factors of l?
3, 11
Let h(k) = 5*k - 8. Let r(g) = -15*g + 24. Let x(z) = 11*h(z) + 4*r(z). Let p be x(-12). Let w = 120 - p. List the prime factors of w.
2, 13
Let c(a) = -a + 59. List the prime factors of c(-12).
71
List the prime factors of 1480 - ((0 + 1)*2)/1.
2, 739
Let h be (-2)/(-3)*21/14. Suppose 3*j - 25 = -h. Suppose 3*k - 2*k = j. What are the prime factors of k?
2
Let y(q) be the second derivative of -q**3/6 - 4*q**2 + q. Let v be (60/(-25))/(1/5). List the prime factors of y(v).
2
Let g(t) = t**2 - t - 40. Let v be g(-6). List the prime factors of 15775/50 + v/(-4).
3, 5, 7
Let a(x) = 19*x + 22*x + 1 - 46*x. What are the prime factors of a(-3)?
2
Let n = 44 - 42. Suppose n*a = 3*a - 10. List the prime factors of a.
2, 5
Suppose 3*k = 4*k - 11. Suppose -3*s + k = 5*j, 0*j - 1 = s + 4*j. Let d(t) = -t**3 + 8*t**2 - t - 9. What are the prime factors of d(s)?
3, 11
Let o(k) = -k**2 + 2*k + 4. Suppose 12*z = 17*z. What are the prime factors of o(z)?
2
Suppose -5*r - k = -2*r, 0 = r + 5*k - 14. List the prime factors of (r/4)/((78/(-1416))/13).
59
Let u(i) = 30*i**2 + 19*i + 7. List the prime factors of u(8).
3, 7, 11
List the prime factors of 66861/95 - (-2)/10.
2, 11
What are the prime factors of (-6)/2*-716*68/48?
17, 179
Let u be ((-1)/3)/((-12)/(-36)). What are the prime factors of (u + 2)/(5/130)?
2, 13
Let g(r) = -r**2 - 4*r - 15. Let d be g(-6). Let q = d - -71. What are the prime factors of q?
2, 11
Suppose 0 = 3*c, -45 = -7*u + 2*u + 4*c. Suppose 5*h - 2*h = -u. What are the prime factors of (1 + -40)/(h/2)?
2, 13
Let p(k) = -5*k + 3. Let n be p(-3). Let g = n + -33. What are the prime factors of ((-6)/g)/((-2)/(-180))?
2, 3
List the prime factors of (77462/(-33))/((-16)/12)*2.
7, 503
Suppose 4*i = -55*j + 52*j + 8283, -2*j = 2*i - 4142. What are the prime factors of i?
2, 3, 5, 23
Let p(g) = 2*g**3 - 9*g**2 + 5*g + 11. What are the prime factors of p(7)?
3, 97
Let z(o) = 4*o**2 - 3*o**2 - 6*o**2 + 3*o**2 + 1. Let s be z(1). What are the prime factors of -3 - (21*s + 1)?
17
Let k(l) = 35*l + 10. Let a be k(6). Suppose -5*g - a = -6*c + c, 2*g = 8. List the prime factors of c.
2, 3
Let j = -84 - -32. Let f be 2 + 4/((-16)/j). Suppose -f = -v - 2*v. What are the prime factors of v?
5
List the prime factors of (-30)/(-9)*4*(-105)/(-14).
2, 5
Let n = 64 - 62. Suppose l - m = n*m + 114, 0 = 4*l + 5*m - 422. What are the prime factors of l?
2, 3
Suppose 0 = -5*w + 3327 - 1182. What are the prime factors of w?
3, 11, 13
Let b(h) = -229*h + 860. What are the prime factors of b(-7)?
3, 821
Let i be (0/(-2))/(-1 + -2). Suppose -3*q + 72 = -i*q. Let f = -5 + q. List the prime factors of f.
19
Let c(j) = -198*j + 377. What are the prime factors of c(-19)?
4139
Let c(r) = 3*r + 8. Let t be c(5). Let b(s) = -s + 24 + 8*s**3 - t + 0*s. List the prime factors of b(2).
3, 7
Let z be (2 - -1)/(-3) - -3. Suppose -142 = -2*o - 0*u + z*u, o - 4*u - 59 = 0. List the prime factors of o.
3, 5
Let p(w) = -w**3 + 6*w**2 - 8*w. Let j(z) = -z**2 - 18*z - 13. Let g be j(-17). Let f be p(g). Suppose f = -n - 14 + 16. What are the prime factors of n?
2
Let t = 4 - 9. Let n be (-2 - (3 + -5)) + t. Let l(h) = -h**2 - 7*h + 4. What are the prime factors of l(n)?
2, 7
Let i(t) = 2*t**3 - t**2 + 5*t + 12. List the prime factors of i(5).
2, 131
Suppose -4*q - 18*u + 14287 = -13*u, -5*q = 5*u - 17855. List the prime factors of q.
2, 223
Let r = 36 + 270. Suppose -2*f = 3*f - s - 393, -r = -4*f + 5*s. What are the prime factors of f?
79
Let a(k) = -35*k + 58. List the prime factors of a(-8).
2, 13
Suppose -4*n - n + 185 = 0. Let k = 65 - n. What are the prime factors of 1132/k - 8/(-14)?
41
What are the prime factors of ((-10)/(-20))/(7/85120)?
2, 5, 19
Suppose -4*t = -1 + 169. List the prime factors of t*(204/(-28) - -3).
2, 3, 5
Let h be (-18)/(-135) - 399/(-45). What are the prime factors of (-102)/(-9)*h/2?
3, 17
Let w(h) = h**3 - 3*h**2 - 3*h + 4. Let i be w(4). Let u(s) = s + 7. Let o be u(i). What are the prime factors of ((-5)/o)/(2/(-24))?
2
Suppose x + 77 = 2*a, -5*x + 2*a = -10*x - 409. What are the prime factors of 9/(x/6)*-357?
2, 7, 17
Let v(c) = 2*c**2 + c - 13. Let z(y) be the second derivative of -y**2/2 + 8*y. Let l(k) = v(k) - 6*z(k). List the prime factors of l(5).
2, 3
Let q(d) = -d**3 - 5*d**2 + 5*d + 1. Suppose -2*r - r - 21 = 0. What are the prime factors of q(r)?
2
Let p(n) = 14*n - 65. Suppose 15*y + 57 = 18*y. List the prime factors of p(y).
3, 67
Suppose 34 + 116 = 5*a. Let l(q) = 2*q**2 - 6 - 25*q + 0*q**2 + a*q. What are the prime factors of l(-5)?
19
Let n be 1/(1/8*4). Suppose -2*f + n*l = -200, 2*l = -3*f + f + 184. What are the prime factors of f?
2, 3
Let a(q) = 18*q**3 + 2*q**2 - 11*q + 15. Let r be a(4). Suppose 7*b = -0*b + r. What are the prime factors of b?
3, 5, 11
Let p(b) = -5*b + 12. Let i be p(10). Let o be 4/8*-2 - i. Let k = 65 - o. What are the prime factors of k?
2, 7
Let d be ((-2)/5*-6)/(4/110). Let c = -62 + d. What are the prime factors of c?
2
Suppose -5300 = -27*l + 23*l. List the prime factors of l.
5, 53
Suppose 4*s = -132 - 352. What are the prime factors of (s/(-2) + (-9 - -9))*2?
11
Let j be (-2)/(-5) - (-1465)/25. Let u = 70 - j. What are the prime factors of u?
11
Suppose 2*n = m + 377, -n + 176 = -0*m - 3*m. What are the prime factors of n?
191
Suppose 3*r = -3*r. Let l be (-2 - r)*(-12)/8. Suppose 0 = l*m - 160 + 52. List the prime factors of m.
2, 3
Let d = 455 + -34. Suppose -3*y + 599 = 2*x, -3*x = 6*y - 8*y + d. What are the prime factors of y?
7, 29
Let i = -94 - -91. What are the prime factors of (6/i - 62)*-2?
2
Let s = 82 + -72. Suppose s*i = 59 + 1231. What are the prime factors of i?
3, 43
Let y = -1 - -4. Suppose -y*t = -252 - 81. Suppose 0 = -5*m + t + 79. List the prime factors of m.
2, 19
Let a = 8 - -12. Suppose z + z = 3*v - a, v + 12 = -2*z. Let r = 2 - z. List the prime factors of r.
3
Let t(h) = -4*h. Let x be t(1). What are the prime factors of 61 + -4 - (-5 - x)?
2, 29
Let x be (16/20)/(3/(-15)). Let v be -1 - x - (5 - 4). List the prime factors of (0 + v)/(8/100).
5
Suppose 0 = 2*q - 3*y - 21, 3*y = -q + 4*q - 24. Suppose 0*a = -a - q*s + 145, -4*s - 117 = -a. List the prime factors of a.
7, 19
What are the prime factors of 5/1 + -26 + 210?
3, 7
Let k(m) = 47*m + 126. List the prime factors of k(0).
2, 3, 7
Let u(z) be the third derivative of 7*z**4/24 - 17*z**3/6 - 9*z**2. List the prime factors of u(8).
3, 13
Let u(g) = -3*g - 10. Let o be u(-4). Suppose 4*w + 480 = 2*s + 188, o*s = -4*w + 292. List the prime factors of s.
2, 73
Let y = -628 + 3692. List the prime factors of y.
2, 383
Let r(j) = j**3 + 9*j**2 + 10*j + 5. Suppose -2*k - 3 - 13 = 0. Let b be r(k). Let h = 32 + b. What are the prime factors of h?
3, 7
Let z = 4688 + -563. What are the prime factors of z?
3, 5, 11
Suppose -2*i + 2011 = 405. List the prime factors of i.
11, 73
Suppose -3*s + 28 + 77 = 0. Let d = 4 + s. What are the prime factors of d?
3, 13
Let c(b) = -6*b**3 + 10*b**2 - 15*b - 154. What are the prime factors of c(-6)?
2, 199
Suppose -140 = l - 9. Let m = -66 - l. What are the prime factors of m?
5, 13
Let r(t) = -91*t - 12. What are the prime factors of r(-4)?
2, 11
Suppose 3*l = l - 108. Suppose 0*b - 114 = 3*b + n, -2*b = 5*n + 89. Let u = b - l. What are the prime factors of u?
17
Suppose 50*b = 47*b + 1260. What are the prime factors of b?
2, 3, 5, 7
Suppose d - 275 = 5*y, -3*d + 0*d = -3*y - 825. Suppose 5*h - 60 = d. List the prime factors of h.
67
Let p = -39 - -66. List the prime factors of p.
3
Let g be (-6)/(-57) + (-156)/38. What are the prime factors of 3/(-2)*(-3 + -139) - g?
7, 31
Suppose -5*r = -15*r + 20. Let q(o) = 17*o**3 - 2*o**2 - 2*o + 4. What are the prime factors of q(r)?
2
What are the prime factors of (-852)/(-2) - (9 + -6)?
3, 47
Let k(p) = p**2 - 6*p - 2. Suppose 2 = 2*x + 18. Let v = 16 + x. What are the prime factors of k(v)?
2, 7
Let r be (-2)/7 + (-444)/(-84). Suppose -5*a + 3*a - 66 = -j, -r*j + 4*a + 312 = 0. What are the